ulate w(-6).
-21
Let m(u) = -u**3 - 21*u**2 - 20*u + 13. Calculate m(-20).
13
Let f(u) = u**2 + 18*u - 155. Give f(-24).
-11
Let o(v) = -v**3 + 3*v**2 - 4*v + 2. Calculate o(2).
-2
Let c(p) = 2*p - 11. Calculate c(-5).
-21
Let w(v) = -2*v**3 - 9*v**2 - 3*v - 2. Give w(-4).
-6
Let s(v) = 2*v**2 + 16*v + 21. Calculate s(-5).
-9
Let f(m) = -m**2 - 10*m + 35. Calculate f(-13).
-4
Let y(m) = 3*m + 5. What is y(-9)?
-22
Let d(j) = -j + 11. Determine d(8).
3
Let y(l) = -l**3 - 11*l**2 - 12*l + 7. Determine y(-10).
27
Let g(r) = -21*r + 2. Determine g(-2).
44
Let m(p) = 8*p + 11. Calculate m(-6).
-37
Let o(k) = 40*k - 5. Calculate o(-1).
-45
Let g(p) = -p**3 + 6*p**2 + 4*p - 4. Determine g(6).
20
Let h(l) = -l**2 - 13*l + 17. Calculate h(-14).
3
Let i(g) = 4*g + 11. Give i(-5).
-9
Let s(i) = i - 1. Calculate s(-2).
-3
Let t(q) = q**2 - 6*q + 5. Give t(-5).
60
Let n(m) = -5*m**2 + m + 2. What is n(-2)?
-20
Let f(r) = 254*r + 1529. Determine f(-6).
5
Let y(a) = 2*a**3 - 33*a**2 - 16*a + 42. Determine y(17).
59
Let f(c) = c**3 + 5*c**2 + 58*c + 153. Calculate f(-3).
-3
Let y(h) = 2*h**3 - 26*h**2 + 2*h - 2. Determine y(13).
24
Let n(w) = -w**3 - 8*w**2 + 31*w - 26. Calculate n(-11).
-4
Let k(h) = h**2 + 12*h + 5. What is k(-11)?
-6
Let f(n) = -n**3 - 11*n**2 - 11*n + 11. Determine f(-10).
21
Let b(z) = -2*z**2 - 3*z + 6. Calculate b(0).
6
Let u(x) = 2*x**2 + 6*x + 6. Determine u(-3).
6
Let g(r) = -r**2 - 11*r + 19. What is g(-13)?
-7
Let q(c) = -c**2 - 15*c + 42. Calculate q(-19).
-34
Let j(w) = w**3 + 10*w**2 + 4*w + 15. Give j(-4).
95
Let l(n) = n**2 - 4*n - 6. Calculate l(7).
15
Let s(v) = -17*v - 159. Give s(-9).
-6
Let y(m) = m**2 - 9*m - 5. Give y(9).
-5
Let j(z) = -10*z**2 + 14*z + 14. What is j(-1)?
-10
Let h(o) = o**3 + 14*o**2 + o + 2. Give h(-14).
-12
Let r(o) = o**3 - 5*o**2 - 11*o + 13. Give r(6).
-17
Let n(j) = -3*j**2 + 2*j + 30. Give n(6).
-66
Let c(d) = d**2 + 3*d + 1. Determine c(-3).
1
Let r(h) = 5*h + 36. Give r(-8).
-4
Let v(o) = o**2 + 121*o - 1593. Determine v(12).
3
Let c(s) = 3*s + 17. Determine c(-8).
-7
Let v(f) = f**3 + 6*f**2 - 2*f - 4. Calculate v(-4).
36
Let u(k) = -2*k + 13. Calculate u(-2).
17
Let b(y) = 3*y**2 - 21*y. Give b(7).
0
Let a(g) = g**2 - 8*g + 9. What is a(8)?
9
Let a(m) = -m**3 - 6*m**2 + m - 5. Give a(-5).
-35
Let l(r) = -r**2 - 34*r - 81. Give l(-31).
12
Let v(u) = -5*u**3 - u**2 + 2*u + 3. Give v(-1).
5
Let f(i) = i**2 + i - 4. Calculate f(-4).
8
Let y(d) = -2*d**2 + 26*d + 9. What is y(11)?
53
Let n(c) = -7*c**2 + 12*c. Give n(2).
-4
Let p(c) = -c**3 - 8*c**2 + 2*c - 9. Determine p(-8).
-25
Let g(n) = -n**2 - 8*n - 6. Give g(-10).
-26
Let t(q) = -q**3 - 2*q**2 + 8*q - 1. What is t(3)?
-22
Let b(c) = -10*c + 5. What is b(-4)?
45
Let f(d) = d**3 + 6*d**2 + 5*d - 3. Calculate f(-5).
-3
Let l(q) = -q**3 - 8. Calculate l(0).
-8
Let l(v) = -v**3 - 5*v**2 + 14*v + 33. What is l(-2)?
-7
Let i(n) = -24*n + 5. Determine i(1).
-19
Let i(g) = g**3 - 9*g**2 + 10*g + 3. Calculate i(7).
-25
Let a(p) = p**3 - 7*p**2 - 7*p + 3. Determine a(7).
-46
Let h(v) = 3*v - 6. Give h(-9).
-33
Let k(m) = 4*m**2 + 3. Give k(3).
39
Let x(h) = -h**3 + 12*h**2 + 28*h - 5. Determine x(14).
-5
Let b(q) = -42*q - 218. Determine b(-5).
-8
Let v(x) = x**3 + 4*x**2 - 5*x + 1. Give v(-4).
21
Let d(i) = -i**2 + 5*i + 20. Calculate d(-5).
-30
Let g(b) = -b + 5. What is g(11)?
-6
Let u(a) = -2*a**2 + 5*a - 7. What is u(6)?
-49
Let o(l) = -2*l**3 - 13*l**2 + 19*l - 1. What is o(-8)?
39
Let s(i) = -21*i - 389. Determine s(-19).
10
Let x(v) = -9*v - 27. Determine x(6).
-81
Let y(l) = -l**3 + 4*l**2 + 8*l - 3. Give y(5).
12
Let d(h) = h**3 + 7*h**2 + 3*h - 18. What is d(-6)?
0
Let g(r) = 4*r + 22. Determine g(-7).
-6
Let m(d) = -d**2 - 16*d + 1. What is m(-16)?
1
Let y(w) = -4*w - 5. Give y(18).
-77
Let m(a) = -a + 21. What is m(11)?
10
Let x(u) = -u**3 + u**2 + 3*u - 17. Give x(0).
-17
Let w(k) = k**3 - 24*k**2 - 52*k - 5. Give w(26).
-5
Let u(n) = -n**2 - 3*n + 9. Calculate u(-5).
-1
Let v(d) = 4*d - 6. Give v(5).
14
Let g(h) = -h**2 + 8*h + 24. What is g(12)?
-24
Let q(m) = m**3 - 11*m**2 - 4*m + 37. Give q(9).
-161
Let t(q) = -13*q**3 + q**2 - 2*q + 1. Determine t(1).
-13
Let t(w) = -w + 1. What is t(4)?
-3
Let q(m) = -m**2 + 12*m - 8. Give q(10).
12
Let h(k) = 16*k + 5. What is h(3)?
53
Let x(f) = f**3 + 14*f**2 - 5*f - 21. Give x(-14).
49
Let j(o) = 27*o + 363. Calculate j(-13).
12
Let a(p) = -2*p - 33. What is a(-20)?
7
Let r(h) = h**2 + h + 1. What is r(-10)?
91
Let a(g) = 8*g + 146. Calculate a(-16).
18
Let j(s) = -s**3 + 7*s**2 + 3*s + 1. Give j(8).
-39
Let n(j) = j**2 + j - 27. Give n(7).
29
Let w(v) = -27*v + 111. Calculate w(6).
-51
Let y(t) = 45*t**2 - t. Give y(-1).
46
Let n(p) = -p**3 - p**2 + 10*p + 3. What is n(-4)?
11
Let c(f) = -f - 23. Determine c(6).
-29
Let d(t) = -t + 2. Calculate d(2).
0
Let k(c) = -c**3 - 6*c**2 + c - 8. Calculate k(-6).
-14
Let q(m) = -20*m - 32. Determine q(-2).
8
Let s(b) = b**3 + 9*b**2 - 7*b + 22. Give s(-10).
-8
Let y(f) = f**2 + 6*f - 5. Determine y(-7).
2
Let q(k) = k**3 + 13*k**2 + 40*k - 2. Give q(-8).
-2
Let q(v) = 5*v**2 - 6*v - 9. Calculate q(-2).
23
Let i(n) = -3*n**3 - 44*n**2 + 17*n + 27. Determine i(-15).
-3
Let h(f) = f - 30. What is h(-11)?
-41
Let a(o) = o**3 - 4*o. Determine a(4).
48
Let z(u) = -2*u**3 - 4*u**2 - 5*u - 1. Give z(-2).
9
Let h(w) = 7*w**3 - 4*w**2 - 1. Determine h(1).
2
Let g(l) = 4*l - 22. Determine g(4).
-6
Let s(g) = -g**3 - 8*g**2 - 18*g - 66. What is s(-7)?
11
Let c(r) = 15*r**3 - r**2 - r - 1. Determine c(-1).
-16
Let q(u) = -u**3 - 17*u**2 - 9. Calculate q(-17).
-9
Let b(c) = 4*c**2 - 6*c - 9. Calculate b(6).
99
Let b(x) = -x**3 + 3*x**2 - 7*x + 22. What is b(3)?
1
Let x(m) = 5*m + 5. What is x(1)?
10
Let x(g) = g**2 + 53*g + 156. Give x(-3).
6
Let u(z) = 2*z**3 - 5*z**2 + 4*z + 2. Give u(4).
66
Let n(r) = r**3 - 2*r**2 - 3*r - 2. What is n(0)?
-2
Let r(d) = -d + 2. What is r(9)?
-7
Let p(n) = -n**3 + 6*n**2 + 9*n - 7. Determine p(7).
7
Let q(o) = -o**2 + 20*o + 34. Calculate q(21).
13
Let c(k) = k**3 - 8*k**2 - 52*k + 322. Calculate c(10).
2
Let j(k) = -k**2 + 12*k + 9. What is j(13)?
-4
Let c(q) = -31*q**3. Calculate c(1).
-31
Let s(n) = -n**2 - 16*n + 34. Give s(-19).
-23
Let f(l) = 4*l + 24. Determine f(-11).
-20
Let h(x) = 32*x - 3. Calculate h(-1).
-35
Let m(l) = l**3 + 25*l**2 - 52*l + 58. Calculate m(-27).
4
Let m(o) = -4*o - 2. Determine m(2).
-10
Let a(d) = -d**2 + 2*d + 78. Calculate a(-8).
-2
Let z(m) = -88*m + 84. Determine z(1).
-4
Let k(p) = -2*p**2 - 4*p + 7. Determine k(-5).
-23
Let v(z) = 2*z**2 - 73*z - 461. Calculate v(42).
1
Let n(c) = c**2 - 22*c + 81. Calculate n(7).
-24
Let v(b) = -3*b**2 - b + 5. What is v(-4)?
-39
Let z(a) = a**3 - 4*a**2 + 3*a - 2. Determine z(4).
10
Let d(f) = -3*f**3 + 4*f**2 - 4*f - 2. Give d(2).
-18
Let p(r) = -2*r**3 - 4*r**2 - 4*r + 1. Determine p(-3).
31
Let z(m) = -m**3 - 13*m**2 - 18*m + 8. Give z(-11).
-36
Let j(b) = b**2 + 9*b + 2. Calculate j(-8).
-6
Let m(o) = 18*o - 159. What is m(9)?
3
Let u(m) = m**2 + 13*m + 20. Determine u(-10).
-10
Let z(d) = -d**2 - 47*d + 31. Determine z(-47).
31
Let a(t) = t**2 + 27*t + 66. Give a(-27).
66
Let v(n) = -n**2 + 11*n - 4. Determine v(9).
14
Let k(c) = c**3 - 13*c**2 + 4*c + 103. Calculate k(12).
7
Let w(c) = -3*c**2 - 18*c - 13. Give w(-6).
-13
Let o(s) = 2*s**3 + 16*s**2 + 11*s + 9. Determine o(-7).
30
Let c(s) = s**2 - 14*s + 17. What is c(13)?
4
Let q(k) = k**3 + 8*k**2 + 8*k + 4. What is q(-6)?
28
Let c(p) = -7*p - 43. What is c(-6)?
-1
Let p(h) = h**3 - 18*h**2 - 23*h + 45. Calculate p(19).
-31
Let v(p) = -p**3 - 4*p**2 + 17*p + 13. Calculate v(-6).
-17
Let a(l) = -l**2 + 41*l + 181. Give a(45).
1
Let k(x) = -x**3 + 25*x**2 + 25*x + 33. Determine k(26).
7
Let f(d) = -2*d + 5. Give f(4).
-3
Let t(d) = -6*d + 15. Calculate t(2).
3
Let i(a) = -a**3 + 30*a**2 + 31*a + 1. Calculate i(31).
1
Let p(i) = i**3 - 5*i**2 + 5. Determine p(4).
-11
Let a(o) = -7*o + 8. Determine a(3).
-13
Let r(z) = -54*z**2 + 4*z + 3. What is r(-1)?
-55
Let y(r) = -r**3 - 5*r**2 - 6*r - 14. What is y(-4)?
-6
Let i(u) = 3*u**2 + 3*u - 2. Determine i(-1).
-2
Let q(d) = -d - 5. What is q(-2)?
-3
Let g(b) = -b + 4. Calculate g(7).
-3
Let f(a) = -2*a + 5. Determine f(-7).
19
Let b(c) = -c**3 + 7*